0. Is j prime?
False
Let i(b) = -b**3 + 6*b**2 - 7. Let k be i(5). Suppose -y = -a + 14, -2*a + 34 = 4*y - k. Is 4/a - 331/(-9) a composite number?
False
Let k(u) = -5*u**2 + u + 3. Let x be k(5). Let y = x + 179. Is y a composite number?
True
Let d be (3/2 + -1)*6. Suppose 0 = u - 2*o - 8, 4*u - 31 = d*o - 9. Suppose 60 = u*b + 5*p, 3*b - 2*p - 15 - 7 = 0. Is b composite?
True
Let d(s) = -3*s**3 - 2*s**2 - 3*s - 3. Let x(n) = -13*n**3 - 9*n**2 - 13*n - 12. Let f(r) = -9*d(r) + 2*x(r). Is f(3) prime?
False
Suppose -r + 64 = -5*f, 5*f + 3*r + 63 - 15 = 0. Is ((-39)/f)/((-1)/(-4)) a composite number?
False
Let d(r) = 25*r**2 - 5*r - 1. Is d(4) a composite number?
False
Suppose 7*o = 3*o - 4*c + 1768, 0 = -3*o - c + 1328. Is o a prime number?
True
Suppose -5*r = -59 + 14. Suppose 1 = 2*c + r. Is c/22 - (-1557)/33 composite?
False
Let p be -9 + (0 - 0) + 0. Let h be 118/4 + 69/46. Let q = h + p. Is q a prime number?
False
Let i be ((-28)/10 + 2)*-5. Suppose -2*d + 3*u + 304 = u, d + i*u = 167. Is d composite?
True
Let m(f) = 2*f**3 - 11*f**2 + 8*f. Let j = -1 + 1. Suppose -s + 7 = -0*s + 5*p, j = p. Is m(s) a prime number?
False
Let f(p) be the third derivative of p**5/12 - p**4/3 - 4*p**3/3 + 9*p**2. Is f(-7) prime?
True
Let w(i) = i - 4. Let v be w(8). Suppose -4*h + v*b + 468 = -0*h, 0 = -4*h + 5*b + 466. Is h a prime number?
False
Suppose 0 = -2*b + 6*b - 5*j - 31, -2*b = -2*j - 14. Suppose -k - 1 = -b. Is k a prime number?
True
Suppose b + 4*b - 3325 = 0. Suppose -k - 4*k + b = 0. Is k prime?
False
Let u be ((-2)/2)/((-1)/(-88)). Let n = -221 + 394. Let t = u + n. Is t a composite number?
True
Let j(i) = 2*i - 6. Let p be j(4). Suppose 4*m - 3*h - 575 = 0, -56 = -p*m + h + 231. Is m prime?
False
Let z(q) = -4*q + 11. Let t be z(5). Let h(i) = 9*i**2 + 4*i - 10. Is h(t) a prime number?
True
Let y(p) = 17*p**2 + 2*p - 4. Is y(3) a prime number?
False
Suppose -427 = -2*f + f. Is f composite?
True
Suppose -o = w - 37, 2*o + 5*w - 151 = -2*o. Is o composite?
True
Let q(r) = -r**2 - 15*r + 21. Let t(l) = -l**2 - 22*l + 32. Let c(d) = 7*q(d) - 5*t(d). Let b be c(10). Let x = -74 - b. Is x prime?
True
Suppose 3*i + 3*b = -75, 4*i + 0*b - 5*b + 127 = 0. Let w = i - -46. Is (-4)/w + 634/18 composite?
True
Suppose 3*h = 3 + 12. Suppose 4*n - 3*k = 1633, h*k - 1032 = -4*n + 609. Is n composite?
False
Let h be 105/(-7)*(13 + -1). Let a = h + 78. Let b = -71 - a. Is b a composite number?
False
Suppose -7*q + 9*q = 30. Is q a composite number?
True
Let k(p) = 4 - 2 + 0*p - 1 - 21*p. Is k(-2) prime?
True
Let t(u) = -u + 12. Let p be t(9). Suppose 5*m - p*m = -2. Let d = 66 + m. Is d a prime number?
False
Let l = 62 + -15. Is l a composite number?
False
Suppose -3*n + 0 = -3*y - 15, -3*n = 2*y. Suppose -4*h - 208 = -4*u, -n*h + 2 + 4 = 0. Is u composite?
True
Let q(m) be the first derivative of -2*m - 5/3*m**3 + 0*m**2 - 2 - 1/4*m**4. Is q(-6) composite?
True
Let g(s) = -s**2 - 7*s + 2. Let i be g(-7). Suppose i*u - 3*u + 85 = 0. Is u a prime number?
False
Let v(u) be the second derivative of 5*u**4/6 + u**3/6 + 5*u**2/2 - 4*u. Is v(4) a composite number?
True
Let k = 108 + -37. Is k composite?
False
Let i be (-3552)/(-9) - (-2)/(-3). Suppose -2*o + z = -3*o - i, -3*z + 813 = -2*o. Is (-1)/4 + o/(-12) composite?
True
Let k(c) = c**3 - 4*c**2 - 4*c - 7. Let t be k(5). Is 9/((-36)/(-368)) - t a prime number?
False
Let i be (-12)/(-42) + (-2)/7. Suppose -5*w + 104 + 51 = i. Is w a composite number?
False
Let g be (-2)/9 - (-1573)/(-9). Let o = g - -2. Let t = o - -270. Is t prime?
True
Suppose k + u = 12, 3*k - k - 28 = -4*u. Is k a composite number?
True
Let j = 283 - -366. Suppose i - 6*i + j = -3*u, -2*i + 3*u + 256 = 0. Is i prime?
True
Suppose -k - 8 = 2*d + 3*d, -2*d + 4*k + 10 = 0. Let o = d - -3. Suppose 0 = -h - 0*h - 4*s + 45, 5*s - 93 = -o*h. Is h composite?
True
Let r(v) = 23*v + 1. Let y(h) = 1. Let z(q) = -r(q) - 5*y(q). Suppose 3*f - 2*f - c + 8 = 0, 2*f + 3*c = -1. Is z(f) a prime number?
True
Let h = 7 + -4. Suppose -h*s - 37 = -130. Is s composite?
False
Let c be ((-4)/(-5))/(5/(-100)). Is 2/8 - 140/c composite?
True
Suppose 4*c - 2*c - 191 = -q, 5*c - 2*q - 500 = 0. Suppose -5*a - l = -249, 4*a - 142 = -l + 58. Let z = c - a. Is z a composite number?
True
Let u = 181 - 313. Let y = u + 229. Is y prime?
True
Let s(p) = 134*p**2 - 3*p + 2. Suppose -4*i + 16 = k - i, 0 = -2*k - i + 7. Is s(k) a prime number?
False
Let t be 40 + (0/(-2))/(-2). Let j = -10 + t. Let w = 7 + j. Is w a composite number?
False
Let c(b) = 2*b**3 - b**2 - 2*b - 1. Let i be c(-1). Is (1 + 0 - i) + 328 prime?
True
Suppose 3*f + 129 - 423 = 0. Suppose -5*y + 673 - f = 0. Is y a prime number?
False
Let j(b) = 2*b**2 + 4*b + 5. Let y be j(4). Let n = 297 - y. Let w = n + -117. Is w composite?
False
Let o(n) = -n**3 - 8*n**2 - 2*n - 4. Let m be o(-8). Suppose -4*h = -m, -4*x + 2*x - 3*h = 11. Let j = x + 17. Is j composite?
False
Let j(m) = -218*m - 5. Is j(-2) a prime number?
True
Let b = 1406 + -655. Is b a prime number?
True
Let t be 5752/12 + 4/6. Suppose -3*x + 2*x = -4*a + 375, 5*a + x = t. Is a prime?
False
Let t be 42/(44/16 + -2). Let o = t - 17. Is o a composite number?
True
Let a = -395 + 1566. Is a prime?
True
Is (1266/4)/((-3)/(-6)) a prime number?
False
Let j = 9 - 5. Suppose 4*p + 5*c - 407 = 0, 2*c = 4*p + 3*c - 411. Suppose -462 = -j*b + 2*k, -b + 0*k + p = 2*k. Is b a composite number?
False
Let f(u) = 4*u**3 - 7*u**2 + 5*u - 1. Is f(8) a prime number?
False
Is -1*6/((-24)/5692) a prime number?
True
Let h = -7 - -60. Is h a prime number?
True
Let c = -102 + 31. Let i = 104 + c. Is i a prime number?
False
Let a(j) = j**2 + 4*j + 7. Let h be a(-2). Is (-5 + 8)/(h/67) prime?
True
Suppose -5*j + 1 = 6. Let t(k) = 61*k**2 + k + 1. Let p be t(j). Suppose 5*g - p = 34. Is g a composite number?
False
Suppose 5*t + 0 = 15. Suppose -b = 4*b + t*p - 1548, -5*p + 932 = 3*b. Is b composite?
True
Suppose 4*x + 0*x - 20 = 0. Suppose 0 = x*n + z - 293, -5*n + 4*z + 287 = 3*z. Suppose -b + n = 3*k, -3*k - 4*b = -0*k - 61. Is k a composite number?
False
Is 1634/18 + (-6)/(-27) a prime number?
False
Suppose -5*j + 2*j - 3*r + 36 = 0, 2*r = -4*j + 40. Suppose -3*f + 10 = -j*f. Is (1 + -5)/(f/23) prime?
False
Let s be ((-16)/(-20))/(1/130). Is ((-30)/40)/((-2)/s) prime?
False
Let w(v) = 0*v**2 + 11 - v**2 - 5 - 5*v. Let x be w(-5). Let s(j) = j**2 - 5*j + 3. Is s(x) a prime number?
False
Is 6*((-555)/(-6) - -3) composite?
True
Let z = -11 - -17. Suppose -5*c + z = k, -k = -0*k + 2*c - 15. Is k a prime number?
False
Let p = 205 + -138. Is p composite?
False
Let u = 2 + 1. Let v be (-1 + u)/((-4)/(-6)). Is v/2*50/3 a prime number?
False
Suppose 5*c - 35 = -5*t, c + 12 = t + 3*c. Suppose 4*g = 5*u + 701, -2*u + 322 + 42 = t*g. Is g a prime number?
True
Let h(t) = 59*t**2 - t - 1. Let w = 7 - 5. Suppose 3 = -5*c - w. Is h(c) prime?
True
Let l = 2 - 4. Let u be l/(-5) - (-118)/5. Let k = u - 17. Is k composite?
False
Let z be (3 + -23)*234/15. Let l = -113 - z. Is l prime?
True
Suppose 25 = -3*f - 5*y, 0*y + 25 = -4*f - 5*y. Is (f - 2) + 294/6 prime?
True
Suppose p - 132 - 1312 = -3*f, 2*f + 2*p = 964. Is f composite?
True
Let c = 96 - 45. Is c a composite number?
True
Let u be 3 + 4 + 0 + -3. Is 3156/(-30)*(-10)/u a prime number?
True
Is 1/(1524/(-510) - -3) a composite number?
True
Let b be -2 - (2*-3 - 1). Let d(z) = -z**3 + 5*z**2 + 3*z + 4. Is d(b) a prime number?
True
Let z be 12/54 + (-858)/(-27). Suppose -5*v + 172 = q + z, 4*q = -4*v + 608. Is q a prime number?
False
Is ((2 - 5) + (-1865 - -1))/(-1) composite?
False
Is (-272)/(-8) + 1*-3 composite?
False
Suppose 2*i - 4*i = l - 9, -5*i + 45 = -5*l. Let o = 7 - i. Is (-2850)/(-24) + o/4 composite?
True
Suppose -8*o + 27 = -5*o. Let w be 4/18 - (-3049)/o. Is 3/1*w/9 a prime number?
True
Let g = 21 - 14. Let l(a) = 44*a - 1. Is l(g) a composite number?
False
Suppose 0 = 5*j - 4*g - 999, 2*j + j - 629 = -5*g. Is j prime?
False
Suppose -105 = 2*w - 17. Suppose 0 = -s - 4*x - 73, s + s - 4*x = -170. Let i = w - s. Is i a prime number?
True
Let h(n) = 25*n**2 + 2*n - 22. Is h(5) a prime number?
True
Is -3 + 1810/2 + -1 prime?
False
Let t = -4 + 6. Suppose 2*n + 4 = 0, 698 = 2*s - 7*n + t*n. Suppose 3*k - u = s, 437 = -0*k + 4*k